{"id":18,"date":"2026-02-09T19:40:22","date_gmt":"2026-02-09T19:40:22","guid":{"rendered":"https:\/\/drnprofessional.com\/?page_id=18"},"modified":"2026-03-04T09:36:37","modified_gmt":"2026-03-04T09:36:37","slug":"hakkimizda","status":"publish","type":"page","link":"https:\/\/drnprofessional.com\/","title":{"rendered":"Hakk\u0131m\u0131zda"},"content":{"rendered":"\t\t<div data-elementor-type=\"wp-page\" data-elementor-id=\"18\" class=\"elementor elementor-18\">\n\t\t\t\t<div class=\"elementor-element elementor-element-7fc9b62 e-flex e-con-boxed e-con e-parent\" data-id=\"7fc9b62\" data-element_type=\"container\" data-e-type=\"container\">\n\t\t\t\t\t<div class=\"e-con-inner\">\n\t\t\t\t<div class=\"elementor-element elementor-element-e9e5e89 elementor-widget elementor-widget-heading\" data-id=\"e9e5e89\" data-element_type=\"widget\" data-e-type=\"widget\" data-widget_type=\"heading.default\">\n\t\t\t\t\t<h2 class=\"elementor-heading-title elementor-size-default\">G\u00fcvenilir \u00c7\u00f6z\u00fcmler, S\u00fcrd\u00fcr\u00fclebilir Ba\u015far\u0131 i\u00e7in DRN Professional<\/h2>\t\t\t\t<\/div>\n\t\t\t\t<div class=\"elementor-element elementor-element-a0979e2 elementor-widget elementor-widget-text-editor\" data-id=\"a0979e2\" data-element_type=\"widget\" data-e-type=\"widget\" data-widget_type=\"text-editor.default\">\n\t\t\t\t\t\t\t\t\t<p>2021 y\u0131l\u0131nda yenilik\u00e7i fikirler ile teknolojik geli\u015fmeleri dikkate alarak, farkl\u0131 sekt\u00f6rlerdeki kurulu\u015flar\u0131n ya\u015fad\u0131\u011f\u0131 \u00e7e\u015fitli sorunlara \u00e7\u00f6z\u00fcmler \u00fcretmek amac\u0131yla stratejiler geli\u015ftiren, deneyimli ekibi ile yenilik\u00e7i ve kal\u0131c\u0131 \u00e7\u00f6z\u00fcmler \u00fcretmeyi ilke edinen firmam\u0131z 2025 y\u0131l\u0131ndan itibaren Hijyenik Led I\u015f\u0131k ve \u00e7e\u015fitli kovucu sistemler \u00fczerinde de uzmanla\u015fm\u0131\u015ft\u0131r. \u0130nsan sa\u011fl\u0131\u011f\u0131 ve konfor alanlar\u0131n\u0131n kaliteli hale getirilmesine ve di\u011fer t\u00fcm canl\u0131lar\u0131n zarar g\u00f6rmeden do\u011fal ortamlar\u0131nda bulunmas\u0131n\u0131 sa\u011flamak amac\u0131yla geli\u015ftirilen uzun \u00f6m\u00fcrl\u00fc teknolojileri kullan\u0131ma sunmaktad\u0131r.<\/p>\t\t\t\t\t\t\t\t<\/div>\n\t\t\t\t\t<\/div>\n\t\t\t\t<\/div>\n\t\t<div class=\"elementor-element elementor-element-c5a40e1 e-flex e-con-boxed e-con e-parent\" data-id=\"c5a40e1\" data-element_type=\"container\" data-e-type=\"container\">\n\t\t\t\t\t<div class=\"e-con-inner\">\n\t\t<div class=\"elementor-element elementor-element-5230f70 e-con-full e-flex e-con e-child\" data-id=\"5230f70\" data-element_type=\"container\" data-e-type=\"container\">\n\t\t\t\t<\/div>\n\t\t<div class=\"elementor-element elementor-element-311331b e-con-full e-flex e-con e-child\" data-id=\"311331b\" data-element_type=\"container\" data-e-type=\"container\">\n\t\t\t\t<\/div>\n\t\t<div class=\"elementor-element elementor-element-d310edd e-con-full e-flex e-con e-child\" data-id=\"d310edd\" data-element_type=\"container\" data-e-type=\"container\">\n\t\t\t\t<\/div>\n\t\t\t\t<div class=\"elementor-element elementor-element-3705490 elementor-widget elementor-widget-image\" data-id=\"3705490\" data-element_type=\"widget\" data-e-type=\"widget\" data-widget_type=\"image.default\">\n\t\t\t\t\t\t\t\t\t\t\t\t<figure class=\"wp-caption\">\n\t\t\t\t\t\t\t\t\t\t<img fetchpriority=\"high\" decoding=\"async\" width=\"800\" height=\"536\" src=\"https:\/\/drnprofessional.com\/wp-content\/uploads\/2026\/02\/kus1.jpeg\" class=\"attachment-large size-large wp-image-107\" alt=\"\" srcset=\"https:\/\/drnprofessional.com\/wp-content\/uploads\/2026\/02\/kus1.jpeg 1024w, https:\/\/drnprofessional.com\/wp-content\/uploads\/2026\/02\/kus1-300x201.jpeg 300w, https:\/\/drnprofessional.com\/wp-content\/uploads\/2026\/02\/kus1-768x515.jpeg 768w\" sizes=\"(max-width: 800px) 100vw, 800px\" \/>\t\t\t\t\t\t\t\t\t\t\t<figcaption class=\"widget-image-caption wp-caption-text\">End\u00fcstriyel Ku\u015f Kovucu<\/figcaption>\n\t\t\t\t\t\t\t\t\t\t<\/figure>\n\t\t\t\t\t\t\t\t\t<\/div>\n\t\t\t\t<div class=\"elementor-element elementor-element-29f0926 elementor-widget elementor-widget-image\" data-id=\"29f0926\" data-element_type=\"widget\" data-e-type=\"widget\" data-widget_type=\"image.default\">\n\t\t\t\t\t\t\t\t\t\t\t\t<figure class=\"wp-caption\">\n\t\t\t\t\t\t\t\t\t\t<img decoding=\"async\" width=\"800\" height=\"568\" src=\"https:\/\/drnprofessional.com\/wp-content\/uploads\/2026\/03\/ofis-ortami-1024x727.png\" class=\"attachment-large size-large wp-image-264\" alt=\"\" srcset=\"https:\/\/drnprofessional.com\/wp-content\/uploads\/2026\/03\/ofis-ortami-1024x727.png 1024w, https:\/\/drnprofessional.com\/wp-content\/uploads\/2026\/03\/ofis-ortami-300x213.png 300w, https:\/\/drnprofessional.com\/wp-content\/uploads\/2026\/03\/ofis-ortami-768x545.png 768w, https:\/\/drnprofessional.com\/wp-content\/uploads\/2026\/03\/ofis-ortami.png 1200w\" sizes=\"(max-width: 800px) 100vw, 800px\" \/>\t\t\t\t\t\t\t\t\t\t\t<figcaption class=\"widget-image-caption wp-caption-text\">Hijyenik Led I\u015f\u0131k Teknolojisi<\/figcaption>\n\t\t\t\t\t\t\t\t\t\t<\/figure>\n\t\t\t\t\t\t\t\t\t<\/div>\n\t\t\t\t\t<\/div>\n\t\t\t\t<\/div>\n\t\t<div class=\"elementor-element elementor-element-722218c e-flex e-con-boxed e-con e-parent\" data-id=\"722218c\" data-element_type=\"container\" data-e-type=\"container\">\n\t\t\t\t\t<div class=\"e-con-inner\">\n\t\t\t\t<div class=\"elementor-element elementor-element-fe02615 elementor-widget elementor-widget-image\" data-id=\"fe02615\" data-element_type=\"widget\" data-e-type=\"widget\" data-widget_type=\"image.default\">\n\t\t\t\t\t\t\t\t\t\t\t\t<figure class=\"wp-caption\">\n\t\t\t\t\t\t\t\t\t\t<img decoding=\"async\" width=\"800\" height=\"534\" src=\"https:\/\/drnprofessional.com\/wp-content\/uploads\/2026\/03\/foto-1-1024x683.png\" class=\"attachment-large size-large wp-image-271\" alt=\"\" srcset=\"https:\/\/drnprofessional.com\/wp-content\/uploads\/2026\/03\/foto-1-1024x683.png 1024w, https:\/\/drnprofessional.com\/wp-content\/uploads\/2026\/03\/foto-1-300x200.png 300w, https:\/\/drnprofessional.com\/wp-content\/uploads\/2026\/03\/foto-1-768x512.png 768w, https:\/\/drnprofessional.com\/wp-content\/uploads\/2026\/03\/foto-1.png 1536w\" sizes=\"(max-width: 800px) 100vw, 800px\" \/>\t\t\t\t\t\t\t\t\t\t\t<figcaption class=\"widget-image-caption wp-caption-text\">Aflatoksin ve Pestisit Giderici Sistemler<\/figcaption>\n\t\t\t\t\t\t\t\t\t\t<\/figure>\n\t\t\t\t\t\t\t\t\t<\/div>\n\t\t\t\t\t<\/div>\n\t\t\t\t<\/div>\n\t\t\t\t<\/div>\n\t\t","protected":false},"excerpt":{"rendered":"<p>G\u00fcvenilir \u00c7\u00f6z\u00fcmler, S\u00fcrd\u00fcr\u00fclebilir Ba\u015far\u0131 i\u00e7in DRN Professional 2021 y\u0131l\u0131nda yenilik\u00e7i fikirler ile teknolojik geli\u015fmeleri dikkate alarak, farkl\u0131 sekt\u00f6rlerdeki kurulu\u015flar\u0131n ya\u015fad\u0131\u011f\u0131 \u00e7e\u015fitli sorunlara \u00e7\u00f6z\u00fcmler \u00fcretmek amac\u0131yla stratejiler geli\u015ftiren, deneyimli ekibi ile &#8230;<\/p>\n","protected":false},"author":1,"featured_media":0,"parent":0,"menu_order":0,"comment_status":"closed","ping_status":"closed","template":"","meta":{"footnotes":""},"class_list":["post-18","page","type-page","status-publish","hentry"],"_links":{"self":[{"href":"https:\/\/drnprofessional.com\/index.php\/wp-json\/wp\/v2\/pages\/18","targetHints":{"allow":["GET"]}}],"collection":[{"href":"https:\/\/drnprofessional.com\/index.php\/wp-json\/wp\/v2\/pages"}],"about":[{"href":"https:\/\/drnprofessional.com\/index.php\/wp-json\/wp\/v2\/types\/page"}],"author":[{"embeddable":true,"href":"https:\/\/drnprofessional.com\/index.php\/wp-json\/wp\/v2\/users\/1"}],"replies":[{"embeddable":true,"href":"https:\/\/drnprofessional.com\/index.php\/wp-json\/wp\/v2\/comments?post=18"}],"version-history":[{"count":22,"href":"https:\/\/drnprofessional.com\/index.php\/wp-json\/wp\/v2\/pages\/18\/revisions"}],"predecessor-version":[{"id":277,"href":"https:\/\/drnprofessional.com\/index.php\/wp-json\/wp\/v2\/pages\/18\/revisions\/277"}],"wp:attachment":[{"href":"https:\/\/drnprofessional.com\/index.php\/wp-json\/wp\/v2\/media?parent=18"}],"curies":[{"name":"wp","href":"https:\/\/api.w.org\/{rel}","templated":true}]}}