{"id":129,"date":"2026-02-13T19:11:43","date_gmt":"2026-02-13T19:11:43","guid":{"rendered":"https:\/\/drnprofessional.com\/?page_id=129"},"modified":"2026-02-13T19:13:10","modified_gmt":"2026-02-13T19:13:10","slug":"dsrf-kekamoz-onleyici-sistemler","status":"publish","type":"page","link":"https:\/\/drnprofessional.com\/index.php\/dsrf-kekamoz-onleyici-sistemler\/","title":{"rendered":"DSRF Kekamoz \u00d6nleyici Sistemler"},"content":{"rendered":"\t\t<div data-elementor-type=\"wp-page\" data-elementor-id=\"129\" class=\"elementor elementor-129\">\n\t\t\t\t<div class=\"elementor-element elementor-element-e5647d7 e-flex e-con-boxed e-con e-parent\" data-id=\"e5647d7\" data-element_type=\"container\" data-e-type=\"container\">\n\t\t\t\t\t<div class=\"e-con-inner\">\n\t\t\t\t<div class=\"elementor-element elementor-element-ae9a07d elementor-widget elementor-widget-text-editor\" data-id=\"ae9a07d\" data-element_type=\"widget\" data-e-type=\"widget\" data-widget_type=\"text-editor.default\">\n\t\t\t\t\t\t\t\t\t<p>Deniz ara\u00e7lar\u0131nda ve gemilerde olu\u015fan midye, yosun ve di\u011fer kabuklu canl\u0131 birikintileri (kekamoz), hem yak\u0131t t\u00fcketimini art\u0131rarak maliyetleri y\u00fckseltir hem de seyir h\u0131z\u0131n\u0131 d\u00fc\u015f\u00fcrerek operasyonel verimlili\u011fi ciddi \u015fekilde etkiler. Bu sorunlar\u0131 \u00e7\u00f6zmek i\u00e7in piyasada bulunan geleneksel y\u00f6ntemler genellikle ya yetersiz kal\u0131r ya da k\u0131sa s\u00fcreli \u00e7\u00f6z\u00fcmler sunar. Bizim patentli DSRF sistemimiz, bu problemlere kar\u015f\u0131 devrim niteli\u011finde, kal\u0131c\u0131 ve bilimsel bir \u00e7\u00f6z\u00fcm sunar. Sistemimiz, standart ultrasonik veya k\u0131sa \u00f6m\u00fcrl\u00fc titre\u015fim frekans\u0131 tabanl\u0131 cihazlardan farkl\u0131 olarak, uzun vadeli ve s\u00fcrd\u00fcr\u00fclebilir bir koruma sa\u011flar.<\/p><p><br \/><strong>Geleneksel Sistemler Neden Yetersiz Kal\u0131yor?<\/strong><br \/>Piyasada bulunan bir\u00e7ok kekamoz \u00f6nleyici cihaz, basit ultrasonik ses frekanslar\u0131 veya titre\u015fimler kullanarak \u00e7al\u0131\u015f\u0131r. Ancak bu sistemler, genellikle k\u0131sa \u00f6m\u00fcrl\u00fc ve etkisizdir. Bilimsel veriler ve saha g\u00f6zlemleri, bu cihazlar\u0131n yayd\u0131\u011f\u0131 tekil ve sabit frekanslar\u0131n deniz canl\u0131lar\u0131 taraf\u0131ndan zamanla al\u0131\u015fkanl\u0131k haline getirildi\u011fini g\u00f6stermektedir. Bu nedenle, ilk ba\u015fta etkili gibi g\u00f6r\u00fcnseler de, birka\u00e7 ay i\u00e7inde performanslar\u0131 d\u00fc\u015fer ve deniz canl\u0131lar\u0131n\u0131n belirli s\u00fcre sonra bu frekanslara uyum sa\u011flamas\u0131ndan dolay\u0131 y\u00fczeye yeniden yap\u0131\u015fmas\u0131n\u0131 engelleyemezler. Ayr\u0131ca, bu cihazlar\u0131n \u00e7o\u011fu, sert deniz ko\u015fullar\u0131na ve tuzlu suya dayan\u0131kl\u0131 olmad\u0131\u011f\u0131ndan, erken ar\u0131zalanma ve maliyetli bak\u0131m problemleriyle kar\u015f\u0131 kar\u015f\u0131ya kal\u0131r.<\/p><p><strong>DSRF Sisteminin E\u015fsiz Teknolojisi, Etkili ve Uzun \u00d6m\u00fcrl\u00fc Kal\u0131c\u0131 \u00c7\u00f6z\u00fcm<\/strong><br \/>DSRF sistemimiz, bu eksiklikleri gidermek \u00fczere tasarlanm\u0131\u015f, patentli bir teknolojidir. Tek bir ultrasonik frekans yerine, deniz canl\u0131lar\u0131n\u0131n biyolojik yap\u0131s\u0131na \u00f6zel olarak geli\u015ftirilmi\u015f \u00e7ift y\u00f6nl\u00fc rezonans frekanslar\u0131 (DSRF) kullan\u0131r. Bu frekanslar, geminin i\u00e7inden, makine dairesi veya benzeri kapal\u0131 bir alandan yay\u0131larak t\u00fcm g\u00f6vdeye iletilir. Bu sayede, deniz canl\u0131lar\u0131n\u0131n y\u00fczeye tutunmas\u0131n\u0131 sa\u011flayan mikroskobik organizmalar\u0131n olu\u015fumu engellenir.<br \/>Uzun \u00d6m\u00fcrl\u00fc ve Bak\u0131m Gerektirmez: Sadece prize takarak \u00e7al\u0131\u015fan bu sistem, 10 y\u0131l boyunca kesintisiz koruma sa\u011flar. Harici bir par\u00e7a montaj\u0131na ihtiya\u00e7 duymad\u0131\u011f\u0131 i\u00e7in paslanma, korozyon gibi d\u0131\u015f etkenlerden etkilenmez. Ek kimyasal veya bak\u0131m gerektirmez,<br \/>Geni\u015f Kapsama Alan\u0131: Tek bir DSRF cihaz\u0131, 40 metre \u00e7ap\u0131ndaki bir alan i\u00e7erisinde etkili koruma sa\u011flar. Bu sayede tekne, yat, b\u00fcy\u00fck hacimli gemiler ve marinalar gibi farkl\u0131 deniz ara\u00e7lar\u0131 ve alanlar i\u00e7in ideal bir \u00e7\u00f6z\u00fcmd\u00fcr.<br \/>Kolay Kurulum ve Kullan\u0131m: Sistemin kurulumu son derece basittir. Geminin i\u00e7erisindeki uygun bir alana yerle\u015ftirilerek sadece elektrik ba\u011flant\u0131s\u0131 yap\u0131lmas\u0131 yeterlidir. Harici bir m\u00fcdahale veya operasyonel zorunluluk gerektirmez. Sadece prize tak\u0131lmas\u0131 yeterlidir.<br \/>Kimyasal i\u00e7ermez: Deniz ekosistemine ve \u00e7evreye zarar vermez.<br \/>Bak\u0131m maliyeti d\u00fc\u015f\u00fckt\u00fcr: S\u0131k s\u0131k par\u00e7a de\u011fi\u015fimi veya ilave gider gerektirmez.<br \/>Enerji verimlili\u011fi y\u00fcksektir: Minimum enerji ile maksimum koruma sa\u011flar.<br \/>Uluslararas\u0131 patentli teknoloji: Muadili olmayan \u00f6zg\u00fcn bir sistemdir.<br \/>DSRF sistemimiz, denizcilik sekt\u00f6r\u00fcnde s\u00fcrd\u00fcr\u00fclebilir, g\u00fcvenilir ve ekonomik bir \u00e7\u00f6z\u00fcm sunarak, deniz ara\u00e7lar\u0131n\u0131n performans\u0131n\u0131 art\u0131r\u0131rken, bak\u0131m ve yak\u0131t giderlerinden \u00f6nemli \u00f6l\u00e7\u00fcde tasarruf etmenizi sa\u011flar. Bu teknoloji, deniz ekosistemine zarar vermeden, kirlilik yaratmadan uzun vadeli koruma sunar.<\/p>\t\t\t\t\t\t\t\t<\/div>\n\t\t\t\t\t<\/div>\n\t\t\t\t<\/div>\n\t\t<div class=\"elementor-element elementor-element-87847e5 e-flex e-con-boxed e-con e-parent\" data-id=\"87847e5\" data-element_type=\"container\" data-e-type=\"container\">\n\t\t\t\t\t<div class=\"e-con-inner\">\n\t\t\t\t<div class=\"elementor-element elementor-element-963d05c elementor-widget elementor-widget-image\" data-id=\"963d05c\" data-element_type=\"widget\" data-e-type=\"widget\" data-widget_type=\"image.default\">\n\t\t\t\t\t\t\t\t\t\t\t\t\t\t\t<img fetchpriority=\"high\" decoding=\"async\" width=\"800\" height=\"534\" src=\"https:\/\/drnprofessional.com\/wp-content\/uploads\/2026\/02\/Keka.jpeg\" class=\"attachment-large size-large wp-image-132\" alt=\"\" srcset=\"https:\/\/drnprofessional.com\/wp-content\/uploads\/2026\/02\/Keka.jpeg 959w, https:\/\/drnprofessional.com\/wp-content\/uploads\/2026\/02\/Keka-300x200.jpeg 300w, https:\/\/drnprofessional.com\/wp-content\/uploads\/2026\/02\/Keka-768x513.jpeg 768w\" sizes=\"(max-width: 800px) 100vw, 800px\" \/>\t\t\t\t\t\t\t\t\t\t\t\t\t\t\t<\/div>\n\t\t\t\t\t<\/div>\n\t\t\t\t<\/div>\n\t\t\t\t<\/div>\n\t\t","protected":false},"excerpt":{"rendered":"<p>Deniz ara\u00e7lar\u0131nda ve gemilerde olu\u015fan midye, yosun ve di\u011fer kabuklu canl\u0131 birikintileri (kekamoz), hem yak\u0131t t\u00fcketimini art\u0131rarak maliyetleri y\u00fckseltir hem de seyir h\u0131z\u0131n\u0131 d\u00fc\u015f\u00fcrerek operasyonel verimlili\u011fi ciddi \u015fekilde etkiler. Bu &#8230;<\/p>\n","protected":false},"author":1,"featured_media":0,"parent":0,"menu_order":0,"comment_status":"closed","ping_status":"closed","template":"","meta":{"footnotes":""},"class_list":["post-129","page","type-page","status-publish","hentry"],"_links":{"self":[{"href":"https:\/\/drnprofessional.com\/index.php\/wp-json\/wp\/v2\/pages\/129","targetHints":{"allow":["GET"]}}],"collection":[{"href":"https:\/\/drnprofessional.com\/index.php\/wp-json\/wp\/v2\/pages"}],"about":[{"href":"https:\/\/drnprofessional.com\/index.php\/wp-json\/wp\/v2\/types\/page"}],"author":[{"embeddable":true,"href":"https:\/\/drnprofessional.com\/index.php\/wp-json\/wp\/v2\/users\/1"}],"replies":[{"embeddable":true,"href":"https:\/\/drnprofessional.com\/index.php\/wp-json\/wp\/v2\/comments?post=129"}],"version-history":[{"count":5,"href":"https:\/\/drnprofessional.com\/index.php\/wp-json\/wp\/v2\/pages\/129\/revisions"}],"predecessor-version":[{"id":135,"href":"https:\/\/drnprofessional.com\/index.php\/wp-json\/wp\/v2\/pages\/129\/revisions\/135"}],"wp:attachment":[{"href":"https:\/\/drnprofessional.com\/index.php\/wp-json\/wp\/v2\/media?parent=129"}],"curies":[{"name":"wp","href":"https:\/\/api.w.org\/{rel}","templated":true}]}}